3 - 545. Determine p(o).
-4
Suppose 5*j = 2*o + 23, -3*j + 4*o = -7 - 4. Let f(s) = 4*s - j*s - 4*s + 3*s. Let k = -18 + 16. Give f(k).
4
Let v(d) = 20*d + d - 6*d - 65 - 28*d. Give v(-7).
26
Let h(c) = -193661 + c + 5*c + 193698. Calculate h(-9).
-17
Let d be -1 + 1*1*-3. Let s(c) = c**3 - c**2 - 6*c + 8. Let f be s(2). Let z be 0 + (d - -10) + f. Let o(u) = u - 7. What is o(z)?
-1
Let q(b) be the first derivative of -b**3/3 - 9*b**2/2 - 2*b - 1. Suppose -486 = -186*v - 865 - 1295. What is q(v)?
-2
Let o(p) = -31*p - 15. Let z(u) = 5*u - 10. Let c(r) = o(r) + 3*z(r). Determine c(-2).
-13
Let j(v) = v**2 + 8*v + 2. Let n = -836 - -556. Let c = 273 + n. What is j(c)?
-5
Suppose -3*p - 8 = 5*p. Let u(x) = 25 - 12 - 12 + 3*x - 12*x. Give u(p).
10
Let s(x) be the first derivative of 1/3*x**3 + 41 - 2*x**2 - x. Determine s(4).
-1
Let u(q) = -3*q**3 + 4 + 0*q + q + 3*q**2 + 2*q**3. Let r be 1/(-2)*(-1 + (-84)/12). Suppose 2*b = -r*k + 14, 2*b + 2*k + 4 - 14 = 0. Determine u(b).
7
Let b(v) = -7*v**2 + 18*v - 103. Let a(y) = 3*y**2 - 8*y + 46. Let p(k) = -9*a(k) - 4*b(k). Let n = -3 - -1. Calculate p(n).
2
Let u(s) = 7*s - 163. Let i(w) = 33*w - 814. Let x(t) = 2*i(t) - 11*u(t). Let j be x(15). Let v(b) = -6 + 0*b**2 - 1 + b**2. What is v(j)?
-7
Suppose -4*p + 15 = 2*r - 13, 0 = -3*p - 5*r + 28. Let a(l) = -30 + 39 - 293*l + 289*l. Calculate a(p).
-15
Suppose u + 11 = 8. Suppose -2*b - 9 = -3*o, -6*b + o + 10 = -b. Let g(f) = -4*f - 1 + 10*f**b - 2 + 13*f**3 - 22*f**3 + 4*f**2. What is g(u)?
18
Let n(r) = -5*r - 40. Let f(y) be the third derivative of y**4/8 + 19*y**3/6 - 109*y**2. Let w(j) = -13*f(j) - 6*n(j). Give w(-5).
38
Let g(a) = -a**3 - 12*a**2 + 13*a - 5. Suppose 3*d + 43 = u, -27*d - 5*u = -26*d - 7. Calculate g(d).
-5
Let h be ((-44)/6)/(8/(-12)). Let k(i) = 11*i - 116. Let z be k(h). Let a(v) = -5 + 0 + 2*v + 0*v. Give a(z).
5
Let d(s) = -2*s**3 + 28*s**2 - 29*s + 30. Let m be 2 + 5 - ((-10 - -12) + -8). Calculate d(m).
-9
Suppose 3*o = -18, 414 = -33*h - 4*o + o. Let v(z) = z**3 + 12*z**2 - 2*z + 7. Determine v(h).
31
Let x(h) = 1 + 4*h + 5*h + h. Let v = 110 - 14. Let g = v + -98. Give x(g).
-19
Let g = -677 + 686. Let t(h) = -5*h**2 - h**2 + h**3 + 4 - 8*h**2 + 2*h + g*h**2. Give t(3).
-8
Let i(k) = 3*k - 42. Let d = -98 + 110. Let w be i(d). Let y(n) = -n**2 - 7*n - 4. Determine y(w).
2
Let b = -7011 - -7022. Let z(d) = -4*d - 4. Give z(b).
-48
Let z = -4 - 0. Let o(k) = 7*k - 246. Let a(c) = -5*c + 211. Let l(h) = 7*a(h) + 6*o(h). Calculate l(z).
-27
Let n = 573 - 576. Let j(q) = q**2 + 30*q + 81. Let a be j(n). Let m(z) = z**3 - z**2 + z + 2. Determine m(a).
2
Suppose -12*a = -504 - 1296. Let t(s) = -75 - 72 + 3*s + a. What is t(-3)?
-6
Let f(b) = -72 - 3737377*b**2 + 18*b - b**3 + 2*b**3 + 3737399*b**2. Determine f(-21).
-9
Let t = -13076 + 13079. Let j(c) be the first derivative of 1/2*c**2 + 1/3*c**3 - c + t. Determine j(-3).
5
Let x(o) = 17 - 3*o**2 - 18*o**3 + 79*o + 19*o**3 - 51*o - 38*o - o**2. Give x(5).
-8
Let a(h) = -7*h**2 - 2*h + 9. Let w(f) = 8*f**2 - f - 9. Let g(l) = -5*a(l) - 4*w(l). Let o(u) = 5*u**2 + 25*u - 17. Let m(b) = -7*g(b) + 4*o(b). What is m(6)?
-29
Let u(m) = 2*m**3 - 7*m**2 + 3*m. Let h(j) = 3*j**3 - 8*j**2 + 4*j + 1. Let x(p) = 3*h(p) - 4*u(p). Let a = 7 + -214. Let s = a + 203. Calculate x(s).
3
Let r(x) = 6*x + 28. Let q = -2834 - -2830. Determine r(q).
4
Let v(i) = i + 9. Suppose b - 2 - 1 = 0. Let t be (13/(-3))/(b/(-9)). Suppose t*l = 5*l - 40. Determine v(l).
4
Let r(x) be the third derivative of x**5/60 - x**4/12 - 4*x**3/3 + 9*x**2 - 20. Calculate r(5).
7
Let w be -1 + 7 - (-2 - -3)/1. Suppose -4*f - 14 = -3*g, 0 = -w*f - g + 6*g - 20. Let l(d) = -4*d**2 - 4*d - 3. Give l(f).
-11
Let z(n) = n**2 + 33*n + 23. Let t = -6164 + 6132. Calculate z(t).
-9
Let m(w) be the third derivative of -w**4/24 + 19*w**3/2 + 600*w**2 + 6*w. Calculate m(25).
32
Let k(b) be the first derivative of -b**2/2 + 5*b - 3. Let i be k(9). Let w(u) = -u + 1. Let y(m) = -5*m + 1. Let a(t) = 6*w(t) - y(t). Calculate a(i).
9
Let q(b) = -b**2 + b - 9. Suppose -4*o - 3*o + 2149 = 0. Let f = o + -307. Give q(f).
-9
Let m(o) = 4*o**3 - 26886*o + 6 - o**3 + 26884*o - 3*o**2 - 4*o**3. Calculate m(-5).
66
Let s be (12/14)/(-2) - 17/(-7). Suppose -2*l + 0 = 4*r + s, 2*r = -6. Let f(z) = -5*z + 4. Calculate f(l).
-21
Let y(p) = 68*p + 5584. Let h be y(-82). Let t(s) be the first derivative of s**3/3 - 7*s**2/2 + 4*s - 7. Calculate t(h).
12
Let o be (10 - 28 - -28)/1. Let v(m) = -15*m + 19. Give v(o).
-131
Let l(u) = -3*u**2 - u - 5. Let q(g) = 4*g**2 + 2*g + 5. Let b = 43 + -39. Suppose -9*x + b*x = 15. Let y(k) = x*l(k) - 2*q(k). Determine y(0).
5
Let l = 20 - 17. Let p(r) = l*r**3 - r**3 + 5*r**2 - 4 - r**3. Let t be 3 - (-55)/(-15) - 26/6. Determine p(t).
-4
Let g(l) = l**3 + 5*l**2 - 4. Let u(p) = -2*p + 8. Let r be u(4). Suppose 2*d = -4*m - 20, 5*d = -r*m - 4*m - 32. Let k be -4 + (m + 7 - 4). Give g(k).
12
Let x(l) = -2*l**2 + 106*l - 104. Let f be x(52). Let p(a) be the second derivative of -1/3*a**3 + 0 + 9*a + f*a**2. Calculate p(2).
-4
Let k(c) = 7*c - 5. Suppose 1527 - 407 = 5*y. Let j be (-50)/(-14) + 8/(y/12). Give k(j).
23
Let s(q) = -3*q - 9. Let c(r) = 5*r + 15. Let t(j) = 2*c(j) + 3*s(j). What is t(-5)?
-2
Let r be (38*(-34)/(-1615))/(4/10). Let l(y) = 7*y**3 - 2*y**2 + y + 4. What is l(r)?
54
Suppose 10*v - 496 = -476. Let k(r) = r - 68*r**3 - 9 - 14*r - 67*r**3 + 12*r**v + 136*r**3. Determine k(-13).
-9
Let s(u) be the first derivative of -u**3/3 + 3*u**2 + 51*u + 2272. Determine s(-5).
-4
Let j(o) = o**2 + 6*o - 7. Let m = -1462 + 1455. What is j(m)?
0
Let d(t) = 10*t. Let m be d(-1). Let b(q) be the first derivative of q**4/4 + 11*q**3/3 + 9*q**2/2 - 4*q - 174812. Determine b(m).
6
Let b be (-2)/(-5) + 51/(-15). Let f be b + (-318)/(-5) + (-2)/(-5). Let u = f + -59. Let t(r) = -3*r**2 - r + 2. Give t(u).
-12
Let n be (-1*(0 - 5) - 4)*34. Suppose 0 = 5*q - 4*z - n, 4*q - z - 13 = 2*q. Let x(u) = u + 6. What is x(q)?
12
Let x = 55 - 30. Suppose -6*k + x = -k. Let r(y) = 7 - 4*y + k*y - 6. Determine r(-5).
-4
Let d be (-4 + -3 + 6)*4. Let z be 2/d*14*1. Let y(g) = 11*g**2 - 11*g + 15. Let m(s) = 24*s**2 - 23*s + 31. Let k(w) = -6*m(w) + 13*y(w). Give k(z).
-5
Let p = -14531 - -14527. Let q(a) = a**3 + 5*a**2 + 24*a + 80. Give q(p).
0
Let u(j) = -j - 6. Suppose 10*h + 0*h = 90. Let d be ((-48)/27)/(-16) - 37/h. What is u(d)?
-2
Let t(d) = d**3 + 5*d**2 + 3. Let m(r) = -4*r + 26. Let c be m(6). Let b(l) = l**3 - 8*l**2 + 11*l - 3. Let g be b(c). Determine t(g).
3
Suppose -q + 4 = -2*m, -5*q = 5*m + 1 - 6. Let r = q + 0. Let g(b) = 0 - 3 + 5*b - 1 - b**r. Give g(6).
-10
Let q(g) = -5*g - 27. Let w = 14264 + -14274. Determine q(w).
23
Let w = 21 - 12. Let d(g) be the first derivative of g**4/4 - 3*g**3 - g**2/2 + 14*g + 1959. What is d(w)?
5
Let w(o) be the first derivative of -2*o**3/3 + o**2 + 3*o - 2. Let j be (788/6*-1)/(8/(-12)). Let r = 195 - j. Determine w(r).
-9
Let s(k) = -5*k**2 + 15*k - 14. Let t(l) be the first derivative of l**3/3 + l - 111. Let r(v) = s(v) + 4*t(v). Calculate r(13).
16
Let r(i) = -2*i**2 - 5*i + 3. Let c = 18689 + -18689. What is r(c)?
3
Let l(t) = -44*t**3 + t**2 - 2*t**2 - 6133*t + 6132*t + 0*t**2 + 2*t**2. Determine l(1).
-44
Let w be 0*(-1)/(-3) - -10. Let t(y) = -7 - 10*y - 836*y**2 + 275*y**2 + 283*y**2 + 279*y**2. Determine t(w).
-7
Let m = 597 + -563. Suppose -3*n = 2*s + 1, 2*s = -3*s + 3*n - m. Let z(v) = -v**3 - 4*v**2 + 6*v + 1. Determine z(s).
-4
Let g(z) = 10*z**2 - 17*z + 1. Suppose 267 = 5*w - 5*i + 277, 0 = -3*w - i + 6. Calculate g(w).
-6
Let j(d) be the second derivative of 41 - d + 1/2*d**3 + 0*d**2. Give j(10).
30
Let g(v) be the second derivative of -1/3*v**4 + 209*v + 1/2*v**2 - 1/20*v**5 - 1/3*v**3 + 0. Give g(-3).
-2
Let a be (-1 + 0)/(2 + 106/(-54)). Let u = a - -10. Let c = -16 - u. Let x(i) = 10*i**3 - i + 1. Determine x(c).
10
Let v = 38 - 33. Suppose 0 = -v*o - 4*m + 7, -3*o + 3*m + 11 = 2*m. Let x(k) = -5*k**o - 4*k**2 - 3*k - k**3 + 3 - 2 + 7*k**3. What is x(4)?
-11
Let g(i) be the first derivative of i**3/3 + 5*i**2 + 17*i - 786. Calculate g(-7).
-4
Let d(v) be the third derivative of v**5/60 - v**4/3 + v**3/3 - v**2. Suppose -h + 65 = 4*k, 7105 = -3*h + 